remainder when 190699 is divided by 3245.
2489
What is the remainder when 66551 is divided by 6146?
5091
Calculate the remainder when 23841528 is divided by 591.
588
Calculate the remainder when 119597 is divided by 37786.
6239
Calculate the remainder when 576405 is divided by 192124.
33
Calculate the remainder when 488544 is divided by 28728.
168
What is the remainder when 183755897 is divided by 32?
25
What is the remainder when 6936570 is divided by 8094?
12
Calculate the remainder when 123241 is divided by 1986.
109
Calculate the remainder when 77284 is divided by 160.
4
What is the remainder when 650893 is divided by 4866?
3715
Calculate the remainder when 11286085 is divided by 162.
31
Calculate the remainder when 3048289 is divided by 1495.
1479
Calculate the remainder when 24879 is divided by 11924.
1031
What is the remainder when 3262423 is divided by 155346?
157
Calculate the remainder when 8093598 is divided by 755.
753
Calculate the remainder when 196247 is divided by 98045.
157
Calculate the remainder when 3046009174 is divided by 55.
54
What is the remainder when 2518997 is divided by 569?
34
Calculate the remainder when 6207114 is divided by 9088.
10
Calculate the remainder when 3467972 is divided by 247712.
4
What is the remainder when 781170 is divided by 66?
60
Calculate the remainder when 343539 is divided by 114424.
267
Calculate the remainder when 61308202 is divided by 3518.
16
What is the remainder when 8455468 is divided by 156?
112
Calculate the remainder when 127339558 is divided by 751.
749
What is the remainder when 287522 is divided by 1028?
710
What is the remainder when 579255 is divided by 193084?
3
Calculate the remainder when 29239 is divided by 3045.
1834
Calculate the remainder when 448601 is divided by 2177.
139
What is the remainder when 10649144 is divided by 1689?
1688
What is the remainder when 6710386 is divided by 135?
76
Calculate the remainder when 466697 is divided by 155537.
86
Calculate the remainder when 282617 is divided by 10869.
23
What is the remainder when 250334 is divided by 465?
164
Calculate the remainder when 3484737 is divided by 34847.
37
Calculate the remainder when 438683 is divided by 69.
50
What is the remainder when 3459301 is divided by 245?
146
Calculate the remainder when 4995551 is divided by 4995499.
52
What is the remainder when 3413158 is divided by 1193?
1178
Calculate the remainder when 9687100 is divided by 968709.
10
Calculate the remainder when 145909 is divided by 2713.
2120
Calculate the remainder when 36839072 is divided by 859.
857
Calculate the remainder when 559676 is divided by 52.
0
What is the remainder when 350702 is divided by 100?
2
What is the remainder when 615324 is divided by 123064?
4
What is the remainder when 2460108 is divided by 153754?
44
Calculate the remainder when 157939 is divided by 5973.
2641
Calculate the remainder when 22932498 is divided by 4184.
4178
Calculate the remainder when 15566711 is divided by 5188895.
26
What is the remainder when 77229 is divided by 1716?
9
Calculate the remainder when 37186422 is divided by 5.
2
Calculate the remainder when 523636 is divided by 1232.
36
Calculate the remainder when 185000 is divided by 18495.
50
Calculate the remainder when 22017725 is divided by 7886.
13
Calculate the remainder when 197424 is divided by 196985.
439
Calculate the remainder when 27598931 is divided by 246419.
3
What is the remainder when 68930503 is divided by 5749?
5742
What is the remainder when 1260009 is divided by 139960?
369
What is the remainder when 7751949 is divided by 169?
88
What is the remainder when 50579 is divided by 25117?
345
What is the remainder when 143822 is divided by 501?
35
What is the remainder when 3898443 is divided by 255?
3
Calculate the remainder when 2798180 is divided by 165.
110
What is the remainder when 108337686 is divided by 36112550?
36
Calculate the remainder when 97980 is divided by 476.
400
Calculate the remainder when 513147 is divided by 469.
61
Calculate the remainder when 3783454 is divided by 252230.
4
Calculate the remainder when 10036779 is divided by 8.
3
What is the remainder when 2930748 is divided by 38?
36
What is the remainder when 206765 is divided by 2586?
2471
What is the remainder when 143804 is divided by 336?
332
Calculate the remainder when 3932295 is divided by 488.
479
What is the remainder when 84860 is divided by 111?
56
What is the remainder when 50759 is divided by 889?
86
Calculate the remainder when 18532445 is divided by 1304.
1301
Calculate the remainder when 14415927 is divided by 41071.
6
Calculate the remainder when 70225 is divided by 14039.
30
What is the remainder when 82541540 is divided by 2067?
29
What is the remainder when 83791 is divided by 766?
297
Calculate the remainder when 37418 is divided by 6864.
3098
What is the remainder when 83738 is divided by 34359?
15020
Calculate the remainder when 4806190 is divided by 19.
7
What is the remainder when 168427 is divided by 27731?
2041
Calculate the remainder when 8413105 is divided by 6132.
1
Calculate the remainder when 521147 is divided by 1107.
857
Calculate the remainder when 54106 is divided by 10641.
901
Calculate the remainder when 147913912 is divided by 56.
48
What is the remainder when 384882 is divided by 1469?
4
Calculate the remainder when 1264710 is divided by 1868.
74
What is the remainder when 9955273 is divided by 3318422?
7
Calculate the remainder when 12645 is divided by 6294.
57
What is the remainder when 33004423 is divided by 4423?
4420
Calculate the remainder when 42675 is divided by 75.
0
What is the remainder when 41125355 is divided by 831?
827
What is the remainder when 6448019 is divided by 646?
293
Calculate the remainder when 618151 is divided by 153441.
4387
What is the remainder when 6839021 is divided by 2279666?
23
What is the remainder when 433808 is divided by 5103?
53
Calculate the remainder when 1070606 is divided by 198.
20
Calculate the remainder when 121295466 is divided by 529.
527
Calculate the remainder when 2600968 is divided by 1437.
1435
What is the remainder when 239566 is divided by 342?
166
What is the remainder when 840653 is divided by 622?
331
What is the remainder when 757064 is divided by 419?
350
Calculate the remainder when 6351532 is divided by 2117176.
4
What is the remainder when 188888 is divided by 38?
28
What is the remainder when 13114403 is divided by 47?
40
Calculate the remainder when 194819 is divided by 194464.
355
Calculate the remainder when 14485 is divided by 387.
166
What is the remainder when 218996 is divided by 452?
228
What is the remainder when 7926 is divided by 88?
6
Calculate the remainder when 35590648 is divided by 12345.
13
What is the remainder when 3043960 is divided by 643?
641
Calculate the remainder when 154553 is divided by 3680.
3673
Calculate the remainder when 2214519 is divided by 246039.
168
What is the remainder when 249518 is divided by 62182?
790
What is the remainder when 1256639 is divided by 676?
631
Calculate the remainder when 428811 is divided by 16487.
149
What is the remainder when 773368 is divided by 740?
68
Calculate the remainder when 1051246 is divided by 525542.
162
Calculate the remainder when 40979797 is divided by 305.
302
What is the remainder when 47179731 is divided by 3629207?
40
Calculate the remainder when 120016 is divided by 60000.
16
What is the remainder when 67336434 is divided by 158?
152
What is the remainder when 21736248 is divided by 519?
9
Calculate the remainder when 1536818 is divided by 1453.
997
Calculate the remainder when 53199564 is divided by 237498.
12
What is the remainder when 480557 is divided by 1581?
1514
Calculate the remainder when 7593 is divided by 304.
297
Calculate the remainder when 400558 is divided by 260.
158
What is the remainder when 258089 is divided by 15174?
131
What is the remainder when 709545 is divided by 70953?
15
Calculate the remainder when 67779576 is divided by 2339.
34
What is the remainder when 109328117 is divided by 1457708?
17
What is the remainder when 115744 is divided by 115720?
24
What is the remainder when 856566 is divided by 2406?
30
Calculate the remainder when 2034265 is divided by 508531.
141
Calculate the re